ulate the remainder when 59223 is divided by 11.
10
What is the remainder when 248 is divided by 42?
38
Calculate the remainder when 1054 is divided by 96.
94
Calculate the remainder when 118 is divided by 3.
1
What is the remainder when 8060 is divided by 18?
14
What is the remainder when 4892 is divided by 18?
14
Calculate the remainder when 2382 is divided by 784.
30
Calculate the remainder when 1276 is divided by 180.
16
What is the remainder when 435 is divided by 90?
75
Calculate the remainder when 104 is divided by 24.
8
What is the remainder when 919 is divided by 40?
39
What is the remainder when 1669 is divided by 414?
13
Calculate the remainder when 228 is divided by 108.
12
What is the remainder when 119 is divided by 26?
15
Calculate the remainder when 165 is divided by 58.
49
What is the remainder when 491 is divided by 11?
7
What is the remainder when 53 is divided by 16?
5
What is the remainder when 29376 is divided by 130?
126
Calculate the remainder when 286 is divided by 72.
70
Calculate the remainder when 175 is divided by 169.
6
What is the remainder when 1147 is divided by 103?
14
Calculate the remainder when 325 is divided by 22.
17
Calculate the remainder when 1074 is divided by 98.
94
What is the remainder when 609 is divided by 52?
37
Calculate the remainder when 191 is divided by 24.
23
Calculate the remainder when 35 is divided by 13.
9
Calculate the remainder when 1422 is divided by 4.
2
Calculate the remainder when 41 is divided by 21.
20
Calculate the remainder when 404 is divided by 199.
6
Calculate the remainder when 653 is divided by 110.
103
What is the remainder when 1839 is divided by 63?
12
What is the remainder when 175 is divided by 36?
31
Calculate the remainder when 164 is divided by 56.
52
What is the remainder when 246 is divided by 98?
50
Calculate the remainder when 1989 is divided by 985.
19
What is the remainder when 996 is divided by 52?
8
What is the remainder when 1149 is divided by 10?
9
Calculate the remainder when 462 is divided by 32.
14
What is the remainder when 698 is divided by 25?
23
Calculate the remainder when 391 is divided by 57.
49
What is the remainder when 906 is divided by 34?
22
What is the remainder when 227 is divided by 121?
106
What is the remainder when 83 is divided by 41?
1
Calculate the remainder when 81 is divided by 19.
5
What is the remainder when 181 is divided by 176?
5
Calculate the remainder when 5884 is divided by 11.
10
What is the remainder when 204 is divided by 65?
9
What is the remainder when 141 is divided by 40?
21
What is the remainder when 110 is divided by 24?
14
What is the remainder when 538 is divided by 34?
28
What is the remainder when 413 is divided by 81?
8
What is the remainder when 34200 is divided by 68?
64
What is the remainder when 736 is divided by 82?
80
Calculate the remainder when 639 is divided by 147.
51
What is the remainder when 653 is divided by 30?
23
Calculate the remainder when 140 is divided by 12.
8
Calculate the remainder when 13726 is divided by 33.
31
What is the remainder when 909 is divided by 92?
81
Calculate the remainder when 131 is divided by 6.
5
What is the remainder when 133 is divided by 28?
21
What is the remainder when 252 is divided by 43?
37
What is the remainder when 197 is divided by 72?
53
What is the remainder when 222 is divided by 29?
19
Calculate the remainder when 260 is divided by 45.
35
Calculate the remainder when 1039 is divided by 517.
5
Calculate the remainder when 1370 is divided by 55.
50
Calculate the remainder when 580 is divided by 114.
10
What is the remainder when 129 is divided by 12?
9
What is the remainder when 3074 is divided by 51?
14
What is the remainder when 142 is divided by 39?
25
Calculate the remainder when 790 is divided by 260.
10
Calculate the remainder when 3129 is divided by 209.
203
What is the remainder when 393 is divided by 249?
144
What is the remainder when 487 is divided by 10?
7
What is the remainder when 1029 is divided by 256?
5
What is the remainder when 35 is divided by 4?
3
Calculate the remainder when 827 is divided by 42.
29
What is the remainder when 656 is divided by 7?
5
Calculate the remainder when 341 is divided by 88.
77
Calculate the remainder when 60 is divided by 35.
25
Calculate the remainder when 514 is divided by 37.
33
What is the remainder when 121 is divided by 118?
3
Calculate the remainder when 393 is divided by 139.
115
Calculate the remainder when 183 is divided by 25.
8
Calculate the remainder when 2369 is divided by 22.
15
What is the remainder when 8587 is divided by 113?
112
Calculate the remainder when 789 is divided by 44.
41
Calculate the remainder when 38 is divided by 35.
3
Calculate the remainder when 121 is divided by 59.
3
Calculate the remainder when 139 is divided by 29.
23
Calculate the remainder when 196 is divided by 18.
16
Calculate the remainder when 35 is divided by 12.
11
What is the remainder when 3594 is divided by 58?
56
What is the remainder when 2380 is divided by 215?
15
Calculate the remainder when 345 is divided by 44.
37
Calculate the remainder when 649 is divided by 44.
33
What is the remainder when 841 is divided by 53?
46
What is the remainder when 148 is divided by 4?
0
What is the remainder when 109 is divided by 3?
1
What is the remainder when 211 is divided by 41?
6
What is the remainder when 137 is divided by 19?
4
What is the remainder when 1968 is divided by 969?
30
What is the remainder when 127 is divided by 13?
10
What is the remainder when 121 is divided by 61?
60
What is the remainder when 752 is divided by 159?
116
What is the remainder when 386 is divided by 142?
102
Calculate the remainder when 522 is divided by 254.
14
Calculate the remainder when 271 is divided by 16.
15
Calculate the remainder when 282 is divided by 6.
0
What is the remainder when 2382 is divided by 149?
147
Calculate the remainder when 281 is divided by 26.
21
Calculate the remainder when 994 is divided by 13.
6
Calculate the remainder when 123 is divided by 8.
3
Calculate the remainder when 24 is divided by 9.
6
Calculate the remainder when 710 is divided by 9.
8
What is the remainder when 191 is divided by 11?
4
Calculate the remainder when 98 is divided by 18.
8
What is the remainder when 22 is divided by 13?
9
What is the remainder when 205 is divided by 150?
55
Calculate the remainder when 362 is divided by 92.
86
What is the remainder when 16 is divided by 9?
7
Calculate the remainder when 122 is divided by 44.
34
Calculate the remainder when 83 is divided by 10.
3
Calculate the remainder when 969 is divided by 241.
5
Calculate the remainder when 439 is divided by 73.
1
What is the remainder when 1777 is divided by 112?
97
What is the remainder when 3015 is divided by 201?
0
What is the remainder when 6493 is divided by 130?
123
Calculate the remainder when 110 is divided by 106.
4
What is the remainder when 676 is divided by 92?
32
What is the remainder when 687 is divided by 219?
30
Calculate the remainder when 2273 is divided by 19.
12
What is the remainder when 1585 is divided by 1585?
0
What is the remainder when 320 is divided by 89?
53
Calculate the remainder when 773 is divided by 110.
3
Calculate the remainder when 5557 is divided by 139.
136
What is the remainder when 3895 is divided by 37?
10
What is the remainder when 142 is divided by 43?
13
What is the remainder when 75 is divided by 20?
15
Calculate the remainder when 464 is divided by 78.
74
Calculate the remainder when 140 is divided by 66.
8
What is the remainder when 15 is divided by 1?
0
Calculate the remainder when 36 is divided by 6.
0
What is the remainder when 6 is divided by 3?
0
Calculate the remainder when 1314 is divided by 14.
12
What is the remainder when 380 is divided by 223?
157
What is the remainder when 153 is divided by 19?
1
What is the remainder when 10950 is divided by 74?
72
Calculate the remainder when 160 is divided by 30.
10
What is the remainder when 2351 is divided by 15?
11
What is the remainder when 82 is divided by 12?
10
What is the remainder when 445 is divided by 11?
5
What is the remainder when 306 is divided by 77?
75
Calculate the remainder when 1579 is divided by 450.
229
Calculate the remainder when 278 